{"id":13,"date":"2019-09-24T13:51:06","date_gmt":"2019-09-24T13:51:06","guid":{"rendered":"http:\/\/judo4bjj.de\/?page_id=13"},"modified":"2019-09-27T13:50:07","modified_gmt":"2019-09-27T13:50:07","slug":"grappling","status":"publish","type":"page","link":"https:\/\/judo4bjj.de\/?page_id=13","title":{"rendered":"Grappling"},"content":{"rendered":"\r\n<p>Grappling ist der Sammelbegriff f\u00fcr alle ringerischen Kampfstile in denen (in der rein ringerischen Wettkampfform) weder geschlagen noch getreten werden darf.<\/p>\r\n\r\n\r\n\r\n<p>Beispiele f\u00fcr verschiedene Grappling-Stile sind z.B. Judo, Brasilianisches Jiu-Jitsu (BJJ), Luta-Livre, Sambo, olympisches Ringen, etc\u2026<br \/>Auf Grund der zahlreichen Erfolge von K\u00e4mpfern mit Grappling-Hintergrund bei Vergleichswettk\u00e4mpfen (z.B. MMA, UFC, etc\u2026) gewinnt das Grappling zunehmend an wieder an Popularit\u00e4t.<\/p>\r\n\r\n\r\n\r\n<p><strong>Was verstehen<\/strong><strong> wi<\/strong><strong>r unter \u201eGrappling\u201c?<\/strong><\/p>\r\n\r\n\r\n\r\n<p>Da wir von Hause aus ein Judoverein sind, mussten wir in der Vergangenheit auf verbandsoffenen Grappling- und BJJ-Turnieren wie auch auf diversen Trainingsbesuchen (open mats) anderer Grappling-Stile immer wieder feststellen, dass das olympische Judo auf Grund der starken Reglementierungen technisch insgesamt, aber vor allem im Bodenkampf zunehmend verarmt.<\/p>\r\n<p><br \/>Bei Wettk\u00e4mpfen mit freiz\u00fcgigeren Regelwerken, in denen nahezu alle Griffarten und Aufgabetechniken erlaubt sind und h\u00e4ufig auch ohne Zeitlimit bis zur Aufgabe gek\u00e4mpft wird, kann sich das \u201enormale\u201c olympische Judo immer weniger behaupten, obwohl es im urspr\u00fcnglichen Sinne als relativ allumfassender Stil gedacht war. Bekannte Judokas wie Kimura und Maeda h\u00e4tten sich sonst fr\u00fcher wohl kaum in zahlreichen Vergleichswettk\u00e4mpfen gegen die unterschiedlichsten Grappler durchsetzen k\u00f6nnen.<\/p>\r\n\r\n\r\n\r\n<p>Da wir unser Judo als einen umfassenden Grappling-Stil betrachten und unseren Mitgliedern auch die M\u00f6glichkeit geben wollen sich auf verbandsunabh\u00e4ngigen Wettk\u00e4mpfen mit weniger einschr\u00e4nkenden Regeln zu behaupten, orientieren wir uns im Training stark an der Trainingsmethodik und -didaktik des Brasilianischen Jiu Jitsu, welches in unseren Augen eine sehr gute Weiterentwicklung des traditionellen Judos ist.<br \/>Trainiert wird phasenweise mit Judo- oder BJJ-Anzug (\u201ewith Gi\u201c) oder in kurzer bzw. eng anliegender Sportbekleidung (\u201eNo Gi\u201c).<br \/>Da sich unsere Gruppe noch im Aufbau befindet und wir im Raum Grevenbroich bisher der einzige Sportverein mit einem Grappling-Angebot sind, planen wir bei entsprechender Nachfrage unsere Trainingszeiten auszuweiten.<\/p>\r\n\r\n\r\n\r\n<p>Wenn ihr euren Schwerpunkt im Standkampf sucht oder mehr \u00fcber effektive W\u00fcrfe und Take-Downs lernen wollt um eure bereits vorhandenen Grapplingkenntnisse zu erweitern,\u00a0 empfehlen wir euch ebenfalls dringend unser Training zu besuchen.<\/p>\r\n","protected":false},"excerpt":{"rendered":"<p>Grappling ist der Sammelbegriff f\u00fcr alle ringerischen Kampfstile in denen (in der rein ringerischen Wettkampfform) weder geschlagen noch getreten werden darf. Beispiele f\u00fcr verschiedene Grappling-Stile sind z.B. Judo, Brasilianisches Jiu-Jitsu (BJJ), Luta-Livre, Sambo, olympisches Ringen, etc\u2026Auf Grund der zahlreichen Erfolge von K\u00e4mpfern mit Grappling-Hintergrund bei Vergleichswettk\u00e4mpfen (z.B. MMA, UFC, etc\u2026) gewinnt das Grappling zunehmend an wieder an Popularit\u00e4t. Was verstehen wir unter \u201eGrappling\u201c? Da wir von Hause aus ein Judoverein sind, mussten wir in der Vergangenheit auf verbandsoffenen Grappling- und &hellip; <\/p>\n","protected":false},"author":1,"featured_media":0,"parent":0,"menu_order":0,"comment_status":"closed","ping_status":"closed","template":"","meta":{"footnotes":""},"class_list":["post-13","page","type-page","status-publish","hentry"],"jetpack_sharing_enabled":true,"_links":{"self":[{"href":"https:\/\/judo4bjj.de\/index.php?rest_route=\/wp\/v2\/pages\/13","targetHints":{"allow":["GET"]}}],"collection":[{"href":"https:\/\/judo4bjj.de\/index.php?rest_route=\/wp\/v2\/pages"}],"about":[{"href":"https:\/\/judo4bjj.de\/index.php?rest_route=\/wp\/v2\/types\/page"}],"author":[{"embeddable":true,"href":"https:\/\/judo4bjj.de\/index.php?rest_route=\/wp\/v2\/users\/1"}],"replies":[{"embeddable":true,"href":"https:\/\/judo4bjj.de\/index.php?rest_route=%2Fwp%2Fv2%2Fcomments&post=13"}],"version-history":[{"count":5,"href":"https:\/\/judo4bjj.de\/index.php?rest_route=\/wp\/v2\/pages\/13\/revisions"}],"predecessor-version":[{"id":77,"href":"https:\/\/judo4bjj.de\/index.php?rest_route=\/wp\/v2\/pages\/13\/revisions\/77"}],"wp:attachment":[{"href":"https:\/\/judo4bjj.de\/index.php?rest_route=%2Fwp%2Fv2%2Fmedia&parent=13"}],"curies":[{"name":"wp","href":"https:\/\/api.w.org\/{rel}","templated":true}]}}